{"id":10635,"date":"2026-02-18T19:36:47","date_gmt":"2026-02-18T19:36:47","guid":{"rendered":"https:\/\/neueSeite.ballarina.de\/?post_type=product&#038;p=10635"},"modified":"2026-02-18T19:50:40","modified_gmt":"2026-02-18T19:50:40","slug":"beachvolleyball-bikini-hose-sandpant-low-karibik-diesel-made-in-germany","status":"publish","type":"product","link":"https:\/\/neueSeite.ballarina.de\/?product=beachvolleyball-bikini-hose-sandpant-low-karibik-diesel-made-in-germany","title":{"rendered":"Beachvolleyball Bikini-Hose &#8222;Sandpant low&#8220; karibik-diesel | MADE IN GERMANY"},"content":{"rendered":"<ul>\n<li style=\"padding-left: 30px;\">Keine Angst! Die Bikini-Hose ist und bleibt trotz der hellen Farbe blickdicht!<\/li>\n<li style=\"padding-left: 30px;\">Sexy! Die &#8222;Sandpant low&#8220; ist vorne etwas tiefer und am Hintern etwas knapper geschnitten als das Classic-Modell von ballarina Beachvolleyball!<\/li>\n<li style=\"padding-left: 30px;\">Rutscht nicht, sitzt! Damit ihr euch bei jeder noch so akrobatischen Flug- und Hechteinlage sicher f\u00fchlt!<\/li>\n<li style=\"padding-left: 30px;\">Dr\u00fcckt nicht, st\u00f6rt nicht, formt! Damit ihr immer eine gute Figur abgebt!<\/li>\n<li style=\"padding-left: 30px;\">Nervt nicht, trocknet schnell! Der atmungsaktive High-Tech-Stoff bef\u00f6rdert Wasser und Schwei\u00df schleunigst nach au\u00dfen. Damit ihr immer bereit seid f\u00fcr die perfekte Performance!<\/li>\n<li style=\"padding-left: 30px;\">Schr\u00e4nkt euch nicht ein! Ihr wollt eure Sponsoren pr\u00e4sentieren, eure Namen anbringen und kreativ sein? Unsere Hose hat keine \u00fcberfl\u00fcssigen, st\u00f6renden N\u00e4hte. Tobt Euch aus!<\/li>\n<li style=\"padding-left: 30px;\">H\u00e4lt die Meere sauber! Der Stoff der Karibik-Sandpant besteht aus recyceltem Polyamid! Aus Fischernetz wird Bikini!<\/li>\n<li style=\"padding-left: 30px;\">Belastet nicht! Die ballarina Beachvolleyball Bikini-Hose ist MADE IN GERMANY. Wir stehen f\u00fcr eine faire und nachhaltige Produktion!<\/li>\n<\/ul>\n","protected":false},"excerpt":{"rendered":"<p style=\"text-align: center;\"><strong><span style=\"font-size: x-large;\">Hier ist Sie!<\/span><\/strong><\/p>\n<p><strong><span style=\"font-size: x-large;\"><strong><span style=\"font-size: large;\">Die <em>etwas knappere<\/em>, speziell f\u00fcr Beachvolley-ballarinas entwickelte Bikini-Hose!\u00a0<\/span><\/strong><\/span><\/strong><\/p>\n<p style=\"text-align: center;\"><strong><span style=\"font-size: x-large;\"><span style=\"font-size: x-large;\">Die \u201eSandpant LOW\u201c!<\/span><\/span><\/strong><\/p>\n<p>Besonders cool: Die LOW-Bikini-Hosen bestehen aus recyceltem Polyamid!<\/p>\n<p><strong><span style=\"font-size: large;\"><img loading=\"lazy\" decoding=\"async\" class=\"aligncenter wp-image-2083 \" src=\"https:\/\/www.ballarina.de\/wp-content\/uploads\/2015\/07\/Fotolia_78930767_Subscription_Monthly_M-e1458555110960-708x244.jpg\" alt=\"\" width=\"281\" height=\"97\" \/><br \/>\nMaterial: 78% Polyamid, 22% Elasthan<\/span><\/strong><\/p>\n<p>Du willst Deinen Sponsor auf deiner Sandpant pr\u00e4sentieren oder hast einen besonderen Druck-Wunsch?\u00a0<a title=\"personalisieren\" href=\"https:\/\/www.ballarina.de\/my-ballarina\/\" target=\"_blank\" rel=\"noopener noreferrer\">Hier<\/a>\u00a0helfen wir Dir gerne!<\/p>\n","protected":false},"featured_media":10724,"comment_status":"open","ping_status":"closed","template":"","meta":[],"product_brand":[],"product_cat":[98,76,87,86,85,109],"product_tag":[89,90,91,92],"class_list":{"0":"post-10635","1":"product","2":"type-product","3":"status-publish","4":"has-post-thumbnail","6":"product_cat-alle-produkte","7":"product_cat-beachvolleyball","8":"product_cat-bikini-unterteile","9":"product_cat-bikinis","10":"product_cat-performance-made-in-germany-beachvolleyball","11":"product_cat-sandpant-low","12":"product_tag-beachvolleyball","13":"product_tag-bikini","14":"product_tag-bikinihose","15":"product_tag-sandpant","17":"first","18":"outofstock","19":"shipping-taxable","20":"purchasable","21":"product-type-variable"},"_links":{"self":[{"href":"https:\/\/neueSeite.ballarina.de\/index.php?rest_route=\/wp\/v2\/product\/10635","targetHints":{"allow":["GET"]}}],"collection":[{"href":"https:\/\/neueSeite.ballarina.de\/index.php?rest_route=\/wp\/v2\/product"}],"about":[{"href":"https:\/\/neueSeite.ballarina.de\/index.php?rest_route=\/wp\/v2\/types\/product"}],"replies":[{"embeddable":true,"href":"https:\/\/neueSeite.ballarina.de\/index.php?rest_route=%2Fwp%2Fv2%2Fcomments&post=10635"}],"wp:featuredmedia":[{"embeddable":true,"href":"https:\/\/neueSeite.ballarina.de\/index.php?rest_route=\/wp\/v2\/media\/10724"}],"wp:attachment":[{"href":"https:\/\/neueSeite.ballarina.de\/index.php?rest_route=%2Fwp%2Fv2%2Fmedia&parent=10635"}],"wp:term":[{"taxonomy":"product_brand","embeddable":true,"href":"https:\/\/neueSeite.ballarina.de\/index.php?rest_route=%2Fwp%2Fv2%2Fproduct_brand&post=10635"},{"taxonomy":"product_cat","embeddable":true,"href":"https:\/\/neueSeite.ballarina.de\/index.php?rest_route=%2Fwp%2Fv2%2Fproduct_cat&post=10635"},{"taxonomy":"product_tag","embeddable":true,"href":"https:\/\/neueSeite.ballarina.de\/index.php?rest_route=%2Fwp%2Fv2%2Fproduct_tag&post=10635"}],"curies":[{"name":"wp","href":"https:\/\/api.w.org\/{rel}","templated":true}]}}